. What is the greatest common factor of 6 and c?
3
Let a be ((-1)/2)/(6/(-24)). Suppose 2*p + 3*w + 0*w - 61 = 0, a*w = -p + 29. What is the greatest common divisor of p and 245?
35
Let a(t) = -t**2 + 10*t - 12. Let r be a(8). What is the highest common divisor of 8 and r?
4
Suppose 3*g = 4*g - 7. Suppose 0 = p + p - 5*m - 12, -2*p + 12 = 5*m. Let c = p + g. What is the highest common divisor of 52 and c?
13
Let h(v) = v**3 + 5*v**2 - 8*v + 1. Let x be h(-6). Let q = 19 - x. Let g(f) = f**3 + 6*f**2 - 7. Let n be g(-5). What is the greatest common factor of n and q?
6
Suppose z - 3*r - 12 = 0, 2*r = 2*z - 12 - 20. Calculate the highest common divisor of 2 and z.
2
Suppose 524 = 5*h - 521. Calculate the greatest common factor of h and 19.
19
Suppose 5*t - 9 = 16. Suppose 5*f + 5*v - 110 = 0, 3*v + 19 + t = 2*f. Calculate the highest common factor of f and 27.
9
Suppose -36 - 12 = -4*s. What is the highest common divisor of s and 9?
3
Let y(m) = -3*m - 5. Let a be y(-10). What is the highest common factor of 5 and a?
5
Let c(z) = 3*z**2 - 7*z + 3. Let q(g) = g**2 - 2*g + 1. Let m(p) = -2*c(p) + 7*q(p). Let t be m(-1). What is the greatest common divisor of t and 22?
2
Let m(a) = -2*a + 2. Let o be m(3). Let v be 90/4 - o/8. Calculate the greatest common divisor of v and 23.
23
Suppose 3*n - 2*w - 60 = 0, 2*w - 4 - 44 = -3*n. Calculate the highest common divisor of 72 and n.
18
Let w be 18 + -3 + -4 + 2. What is the highest common factor of w and 104?
13
Let r(t) = 9*t**2 - 6 - 1 + 4*t + 1 - 2*t**3 + t**3. Let x be r(4). Calculate the greatest common factor of 10 and x.
10
Suppose -7*u = -5*u - 90. Calculate the greatest common divisor of 9 and u.
9
Suppose 0 = 4*u + 7 - 19. Suppose 2*h - 45 = -u*h. Let y = 84 + -57. Calculate the highest common divisor of h and y.
9
Suppose 2*a + 922 - 232 = 5*v, -4*v + 5*a + 535 = 0. What is the highest common divisor of 56 and v?
28
Let k = -54 - -56. Calculate the greatest common factor of k and 3.
1
Let o be ((-9)/3 - (-45 + 1)) + -1. What is the greatest common divisor of 50 and o?
10
Let l = 24 - 6. Suppose -2*z + l = q, 4*q - 7 = 5*q - 3*z. Let a = 50 + -26. What is the greatest common divisor of q and a?
8
Suppose -2*j = -3*j - 98. Let h = j - -253. What is the greatest common divisor of h and 31?
31
Let m be 9/((-15)/6 + 3). Let x(b) = 21*b - 1. Let t be x(1). Let p = t + -2. Calculate the highest common divisor of p and m.
18
Let s be (-2 - 0/4) + 2. Let u = 6 + s. What is the highest common divisor of 54 and u?
6
Let r be (2/3)/((-2)/(-9)). Suppose -120 = r*n - 7*n. What is the greatest common divisor of 15 and n?
15
Suppose 2*f + 2*f - 3*r - 275 = 0, 310 = 5*f + 3*r. Calculate the highest common divisor of 26 and f.
13
Let m = 147 - 63. What is the greatest common divisor of m and 21?
21
Suppose 3*r = 4*w + 22 + 20, -w = 2*r - 17. What is the greatest common divisor of r and 10?
10
Let v = 32 + 22. Suppose 2*k = -5*w + 14 + v, w = -3*k + 24. Calculate the highest common factor of w and 12.
12
Suppose 5*o = -5*f + 40, -3*f + 3*o + o = -3. Suppose 5*h = -3*t + 388, -5*h + 289 = f*t - 101. Calculate the highest common divisor of 7 and h.
7
Let r(d) be the second derivative of 1/6*d**3 - d + 11/2*d**2 + 2/3*d**4 - 1/20*d**5 + 0. Let b be r(8). What is the highest common factor of 209 and b?
19
Let x = 15 + -1. Suppose 3*w + s + x = 0, 4*w - 1 = -s - 21. Let l = w + 10. Calculate the greatest common divisor of l and 1.
1
Suppose -q = 0, -48 = -4*d - 0*q - 3*q. Let v = -46 + 119. Suppose v + 23 = 4*t. What is the highest common factor of d and t?
12
Let j be (-1 - -16)*(1 + 2). Let d be 1 + 1 + (0 - 4) + 20. What is the greatest common divisor of d and j?
9
Let m(n) = 8*n + 0*n + 7 - 2 - 9*n**2 + n**3. Let x be m(8). Suppose x*p - 139 = -4. What is the greatest common divisor of p and 9?
9
Let s(o) = o**3 + 8*o**2 - 9*o + 9. Let v be s(-9). Suppose q - v - 84 = -5*a, -2*a + 4*q = -24. What is the greatest common divisor of 12 and a?
6
Let q be 140/(-3)*(-21)/14. What is the greatest common divisor of 14 and q?
14
Let h be 445/30 + (-1)/(-6). Calculate the greatest common divisor of h and 165.
15
Let g be (2 - 1) + 1 + 0. Suppose -g = f - 2*f. Suppose -3*m + 7 + 23 = 0. Calculate the highest common factor of m and f.
2
Let a(k) = k**2 + 3*k - 4. Let j be a(-7). Calculate the highest common factor of j and 24.
24
Let u = 80 - 50. Calculate the greatest common factor of u and 20.
10
Let c = -6 - -11. Let p(y) = 5*y**2 + y - 1. Let u(h) = 4*h**2 + h. Let t(x) = -5*p(x) + 6*u(x). Let z be t(0). What is the greatest common divisor of c and z?
5
Suppose -h + 2*h - 48 = 0. Suppose -4*y + h = -0. Calculate the highest common divisor of 6 and y.
6
Suppose -5*g = 3*t - 203, 11*g - 2*t = 7*g + 158. What is the greatest common divisor of 80 and g?
40
Suppose 0 = 3*y + y. Suppose y*k - 20 = -4*k. What is the greatest common factor of k and 10?
5
Let z be 924/48 - 6/(-8). Let t(w) = -5*w**3 + 4*w**2 + 2*w - 2. Let i be t(-2). Calculate the highest common divisor of z and i.
10
Let x = -16 - -23. Suppose 80 = x*r - 5*r. What is the highest common factor of 5 and r?
5
Let a = -30 + 47. Let c be ((-93)/9 + -1)*-6. What is the highest common divisor of a and c?
17
Let l be (-2)/((-4)/142)*-1. Let p = -38 - l. Calculate the highest common factor of p and 22.
11
Let c = 6 + 20. Let h(i) be the second derivative of -5*i**3/6 - i**2 + i. Let y be h(-3). Calculate the highest common factor of c and y.
13
Let v be 2/(-10) + (-28)/10. Let b be v*3/(-6)*-22. Let y = 69 + b. Calculate the greatest common factor of 12 and y.
12
Let j = -5 - -15. Let z = -7 - -4. Let c be (0 + 40/(-6))*z. Calculate the greatest common factor of j and c.
10
Let w = -36 - -78. What is the greatest common divisor of 28 and w?
14
Let i = 112 + -57. What is the greatest common factor of i and 11?
11
Let u be ((-5)/35)/1 - (-86)/14. Calculate the highest common divisor of u and 12.
6
Suppose -4*h + 22 = p, -h + 2*p + 14 = -2*p. Suppose -g + 2 + h = 0. Let l = 7 + g. What is the highest common factor of 165 and l?
15
Let l(k) = k**2 - 2*k + 1. Let c(n) = n**3 - 4*n**2 - 4*n - 3. Let m be c(5). Let q be l(m). Calculate the greatest common factor of q and 2.
1
Let g = 62 + 13. Calculate the greatest common factor of 50 and g.
25
Let u = -23 + 27. What is the highest common factor of 4 and u?
4
Let k be (738/(4 + -1))/(-1). Let r = -169 - k. What is the highest common divisor of 11 and r?
11
Let i = 66 - 42. Suppose -2*z = -5*z - o + 20, 3*z + 4*o - 26 = 0. What is the highest common factor of z and i?
6
Let b = 11 - 10. Let a be 7 + 1 + (b - 1). What is the greatest common divisor of a and 1?
1
Let s be (82/41)/((-2)/(-4*2)). Calculate the greatest common factor of 2 and s.
2
Suppose 3*u + 400 = 3*w + 2*u, -285 = -2*w - 3*u. Suppose 4*m - w = 5*l, -3*l + l = -2*m + 70. What is the highest common divisor of 5 and m?
5
Let l(v) = -v**3 - 12*v**2 - 14*v + 8. Let b be l(-11). What is the highest common factor of 328 and b?
41
Suppose 0 = -5*o + 83 + 102. Let d = 71 + o. What is the highest common divisor of 12 and d?
12
Let v be 4 + 6*2/(-4). Let k be ((-3)/9)/(v/(-39)). Calculate the highest common factor of k and 117.
13
Let r = 60 - 52. What is the highest common divisor of 32 and r?
8
Let n(m) = -m**2 - 12*m + 15. Let w be n(-11). Calculate the greatest common divisor of w and 52.
26
Suppose 0*a + 12 = a. Let b = 0 - -36. Calculate the greatest common factor of b and a.
12
Let j(k) = -k + 11. Let s be j(9). What is the greatest common divisor of 2 and s?
2
Suppose -4*i - m + 44 = 0, -6*i + i + 2*m = -42. Let p(y) = 2*y**3 + y**2 - 4*y - 1. Let k be p(3). What is the greatest common divisor of i and k?
10
Suppose 7*o - 44 = 6*o. Let y = o + -14. Suppose -m = -y + 5. What is the highest common divisor of 10 and m?
5
Let w(l) = l**3 + 6*l**2 + 4*l + 11. Let q be w(-5). Calculate the highest common factor of 16 and q.
16
Let t be (74 + -2)*(3 - 4/2). What is the greatest common divisor of 9 and t?
9
Let q(g) = -g + 10. Let t be q(7). Let k = t - -7. What is the highest common factor of k and 2?
2
Suppose -5*o + 50 = -0*o. What is the highest common factor of o and 50?
10
Let m(y) be the third derivative of 5*y**5/6 + y**4/24 - y**3/6 - 2*y**2. Let x be m(1). W